f 6?
False
Is 59050 a multiple of 25?
True
Is 31 a factor of 518913?
False
Is 1074497 a multiple of 2?
False
Is 5972156 a multiple of 716?
True
Does 497 divide 449834?
False
Is 418984 a multiple of 21?
False
Does 12 divide 3481296?
True
Does 18 divide 451998?
True
Is 69 a factor of 1128094?
False
Is 21 a factor of 337386?
True
Does 41 divide 32036375?
True
Does 831 divide 7527092?
False
Is 3105340 a multiple of 287?
True
Does 31 divide 1790777?
True
Is 4057751 a multiple of 580?
False
Is 12989582 a multiple of 72?
False
Is 814 a factor of 11304832?
True
Is 8 a factor of 166891?
False
Does 594 divide 903474?
True
Does 60 divide 3749220?
True
Does 327 divide 10031305?
False
Is 393 a factor of 154728?
False
Is 4 a factor of 106116?
True
Is 1121362 a multiple of 116?
False
Is 5633836 a multiple of 296?
False
Does 14 divide 13889260?
True
Is 112 a factor of 207590?
False
Does 25 divide 3104200?
True
Does 1345 divide 4306690?
True
Is 267840 a multiple of 240?
True
Is 255 a factor of 326400?
True
Is 14 a factor of 564659?
False
Is 270884 a multiple of 241?
True
Does 11 divide 6023842?
True
Does 83 divide 155685?
False
Is 9 a factor of 2739645?
True
Is 91 a factor of 110603?
False
Is 466114 a multiple of 11?
True
Is 56 a factor of 597296?
True
Is 927380 even?
True
Is 141 a factor of 344604?
True
Is 14 a factor of 98159?
False
Is 25881 a multiple of 79?
False
Is 420495 a multiple of 7?
False
Is 23 a factor of 1934852?
True
Does 53 divide 308672?
True
Does 923 divide 3197272?
True
Does 16 divide 209989?
False
Does 16 divide 6716384?
True
Does 441 divide 161847?
True
Is 32 a factor of 334304?
True
Is 24 a factor of 818928?
True
Is 5232 a multiple of 218?
True
Is 1195746 a multiple of 102?
True
Is 574 a factor of 5088813?
False
Is 92492 a multiple of 19?
True
Does 232 divide 164007?
False
Is 12 a factor of 13631?
False
Does 928 divide 17370304?
True
Is 8 a factor of 3559568?
True
Is 8 a factor of 11208?
True
Is 129 a factor of 302752?
False
Is 19 a factor of 17925462?
False
Is 6 a factor of 162378?
True
Is 22 a factor of 156506?
False
Is 3743304 a multiple of 456?
True
Does 667 divide 2019676?
True
Is 18 a factor of 404397?
False
Is 711 a factor of 2347011?
True
Does 22 divide 34342?
True
Is 11 a factor of 278187?
False
Is 327860 a multiple of 52?
True
Is 678 a factor of 564774?
True
Does 33 divide 201293?
False
Does 108 divide 79812?
True
Does 63 divide 346419?
False
Is 16240393 a multiple of 222?
False
Is 209040 a multiple of 24?
True
Is 10804904 a multiple of 1592?
True
Is 53 a factor of 2041086?
False
Does 181 divide 8507?
True
Does 11 divide 15389?
True
Does 355 divide 209450?
True
Is 34 a factor of 393924?
True
Does 175 divide 114800?
True
Is 1493139 a multiple of 44?
False
Is 10 a factor of 888910?
True
Is 1018 a factor of 1034288?
True
Is 3758447 a multiple of 85?
False
Is 604244 a multiple of 73?
False
Does 35 divide 543181?
False
Is 726 a factor of 869748?
True
Is 77935 a multiple of 347?
False
Does 46 divide 122038?
True
Is 26 a factor of 192357?
False
Does 43 divide 2831354?
False
Is 292640 a multiple of 295?
True
Does 25 divide 378073?
False
Is 3 a factor of 96149?
False
Is 24 a factor of 1344168?
True
Is 435512 a multiple of 8?
True
Does 151 divide 4189252?
False
Is 495645 a multiple of 2?
False
Does 284 divide 802035?
False
Is 20 a factor of 2930356?
False
Is 1773436 a multiple of 13?
False
Does 9 divide 10422?
True
Does 25 divide 13100?
True
Is 315 a factor of 766080?
True
Is 244 a factor of 69166?
False
Is 5 a factor of 1223932?
False
Is 40 a factor of 1822760?
True
Is 363888 a multiple of 126?
True
Is 22 a factor of 121033?
False
Does 13 divide 1812975?
False
Does 18 divide 1099799?
False
Is 16 a factor of 106672?
True
Is 1805546 a multiple of 12?
False
Does 399 divide 7777308?
True
Does 236 divide 6815680?
True
Is 336 a factor of 282576?
True
Does 8 divide 1142193?
False
Is 97796 a multiple of 92?
True
Is 8351478 a multiple of 1503?
False
Does 4 divide 850072?
True
Does 103 divide 322184?
True
Is 40 a factor of 132240?
True
Is 34 a factor of 249342?
False
Does 27 divide 1145054?
False
Is 45 a factor of 322065?
True
Is 10582771 a multiple of 122?
False
Is 423 a factor of 334812?
False
Is 3024338 a multiple of 76?
False
Does 12 divide 1835256?
True
Is 406710 a multiple of 10?
True
Does 141 divide 717820?
False
Is 46 a factor of 2043765?
False
Does 111 divide 5855250?
True
Is 189 a factor of 31238?
False
Is 41111 a multiple of 2?
False
Does 236 divide 1924344?
True
Does 84 divide 20672820?
True
Is 8 a factor of 570174?
False
Does 505 divide 428745?
True
Does 18 divide 41760?
True
Does 67 divide 38667?
False
Is 458 a factor of 3563240?
True
Is 120 a factor of 329089?
False
Is 13 a factor of 6453577?
True
Is 661937 a multiple of 20?
False
Is 67 a factor of 72473?
False
Does 35 divide 98490?
True
Is 387426 a multiple of 78?
True
Does 357 divide 248472?
True
Is 101137 a multiple of 46?
False
Does 50 divide 8182?
False
Does 874 divide 2732441?
False
Is 3995203 a multiple of 36?
False
Is 10540155 a multiple of 31?
True
Is 32651 a multiple of 317?
True
Is 797478 a multiple of 11?
True
Is 25444 a multiple of 4?
True
Does 153 divide 6859836?
False
Does 33 divide 11319?
True
Is 1700520 a multiple of 4?
True
Is 13 a factor of 252661?
False
Is 647 a factor of 400493?
True
Does 6 divide 179392?
False
Is 21 a factor of 135715?
False
Is 524999 a multiple of 2?
False
Does 32 divide 7939680?
True
Is 10460791 a multiple of 24?
False
Is 8 a factor of 228710?
False
Is 109 a factor of 8655441?
False
Does 31 divide 2542310?
True
Does 14 divide 7654199?
False
Does 999 divide 5315167?
False
Is 12 a factor of 5965264?
False
Does 35 divide 9567075?
True
Does 9 divide 887676?
False
Does 56 divide 60872?
True
Is 134 a factor of 84018?
True
Does 5 divide 2058926?
False
Is 22953 even?
False
Is 81 a factor of 327045?
False
Is 17 a factor of 799410?
False
Is 365 a factor of 1056675?
True
Does 22 divide 400846?
False
Is 35626 a multiple of 22?
False
Is 71 a factor of 462707?
True
Does 1233 divide 18116469?
True
Is 358 a factor of 100956?
True
Is 367 a factor of 899616?
False
Is 3230343 a multiple of 16?
False
Is 22 a factor of 1425040?
False
Is 8 a factor of 82166?
False
Does 82 divide 57646?
True
Is 877440 a multiple of 40?
True
Is 300 a factor of 2451000?
True
Is 6 a factor of 121188?
True
Is 4 a factor of 14264?
True
Does 38 divide 233477?
False
Is 238247 a multiple of 163?
False
Does 10 divide 2115480?
True
Does 409 divide 2706264?
False
Is 29 a factor of 303705?
False
Is 12400 a multiple of 31?
True
Is 100 a factor of 912700?
True
Is 92447 a multiple of 6?
False
Is 968 a factor of 3799814?
False
Is 900180 a multiple of 540?
True
Is 167 a factor of 10341976?
True
Is 7 a factor of 17842461?
True
Is 2339140 a multiple of 334?
False
Is 2658167 a multiple of 157?
True
Is 281127 a multiple of 93?
False
Is 206402 a multiple of 46?
True
Does 178 divide 2144371?
False
Is 440627 a multiple of 122?
False
Is 62475 a multiple of 105?
True
Does 5 divide 23027?
False
Is 5181518 a multiple of 494?
False
Is 742161 a multiple of 59?
True
Is 20 a factor of 15760?
True
Is 63118 a multiple of 22?
True
Is 1686180 a multiple of 314?
True
Is 567135 a multiple of 41?
False
Is 174 a factor of 1436544?
True
Does 20 divide 50888?
False
Is 87 a factor of 2199910?
False
Is 141 a factor of 732828?
False
Is 10 a factor of 1555050?
True
Is 12362733 a multiple of 18?
False
Is 360039 a multiple of 43?
True
Is 349 a factor of 108115?
False
Is 4 a factor of 216632?
True
Is 10305 a multiple of 9?
True
Is 4 a factor of 36219?
False
Is 577874 a multiple of 18?
False
Is 103798 a multiple of 42?
False
Is 75160 a multiple of 20?
True
Is 84616 a multiple of 39?
False
Is 179064 a multiple of 32?
False
Is 163 a factor of 540997?
True
Is 389896 a multiple of 299?
True
Is 18 a factor of 392631?
False
Is 24 a factor of 3768?
True
Does 143 divide 11368929?
True
Does 14 divide 288115?
False
Does 91 divide 506597?
True
Does 20 divide 1425618?
False
Is 421730 a multiple of 181?
True
Is 15 a factor of 603285?
True
Is 4555066 a multiple of 302?
True
Does 29 divide 64670?
True
Is 414082 a multiple of 73?
False
Is 10384118 a multiple of 7?
False
Is 12 a factor of 537021?
False
Does 8 divide 127237?
False
Is 42 a facto